/12 - c**3/6 + c**2. List the prime factors of k(-6).
11
Suppose -3*a - 1 = 8, -3*x - 2*a = -657. What are the prime factors of x?
13, 17
Suppose 0*r = 9*r - 144. List the prime factors of r.
2
Suppose z - 15 = -2*z. Suppose z*g + 3*p = 13, -5*g + 2*p + 37 = -p. Suppose -g*w + 40 = -w. List the prime factors of w.
2, 5
Let c = 8 - 11. Let h(b) = -b**3 - 3*b**2 - b. Let g be h(c). List the prime factors of ((-9)/6)/g*-10.
5
Suppose 2*g + 657 = -g. Let j = -151 - g. Suppose 4*x - j = 4*z, -3 = x + 4*z - z. What are the prime factors of x?
2, 3
Suppose -x = -5*x. Suppose x = -5*u + 15 - 0. Suppose -5*s - 3*i + 56 = 0, -4*s + u*i = -i - 32. List the prime factors of s.
2, 5
Let o be 3 + 1 + (-6)/2. Let f be o*1/(-3)*-3. Let p = 14 + f. What are the prime factors of p?
3, 5
Suppose 0 = -4*r - 4*g + 36, 3*r = -0*r - 4*g + 22. Suppose -4*q + 2*q = -r. What are the prime factors of q?
7
Suppose 0 = 2*w - 3*w - 2*u + 12, -u = 3*w - 46. Let r(s) = s**2 - 14*s - 23. What are the prime factors of r(w)?
3
Suppose -11*q + 2580 = 4*q. What are the prime factors of q?
2, 43
Suppose -2*j + 2 = 3*j + 4*a, -10 = -j + 4*a. Let c be 4/2 - (j - 5). Suppose -1 = z, -12 - 42 = -c*d + 4*z. List the prime factors of d.
2, 5
Suppose -3*s + 0*n + 5*n = -211, -5*n + 365 = 5*s. List the prime factors of s.
2, 3
Suppose 2*z - z = 3. Let h(a) = -a**3 + 4*a**2 - 3*a. Let u be h(3). Suppose -r + u*r + 3 = 0, z*f - 4*r = 0. What are the prime factors of f?
2
Let q = 16 - 7. What are the prime factors of q?
3
Let y be 3 + (-5 - -3) + -1. Suppose -2*j = -0*j - s - 22, y = -j + 3*s + 16. What are the prime factors of j?
2, 5
Let s be 4 - 2 - (-1 + 7). Let v(y) = y**3 + 7*y**2 - 9*y - 2. Let l be v(-8). List the prime factors of 27/(-3)*s/l.
2, 3
Let m be 6/18 + (-14)/(-3). Suppose -5 + 50 = m*d. What are the prime factors of d?
3
Let w(u) = u. Let v be w(4). Suppose -4*j = -2*d - 2, -v*d + 7 = -2*j - 7. What are the prime factors of (0 + 0)/j - -8?
2
Let z(j) = 32 + 2*j**3 + 2*j - j - 3*j**3. Let p be z(0). Suppose 4*r + 65 = 5*n - 2, 4*n + 4*r - p = 0. List the prime factors of n.
11
Suppose -23*t = -22*t - 5. List the prime factors of 55*t/(100/12).
3, 11
Let y be (39/(-13))/((-1)/13). Let d = y + -13. List the prime factors of d.
2, 13
Suppose 3*l - 9 + 31 = -5*m, -4*m + 5*l - 25 = 0. Let n be (-3)/m + (-12)/20. Suppose 24 = -n*r + 4*r. What are the prime factors of r?
2, 3
Suppose -d = -4*w + 18, d + 0*d + 5*w - 27 = 0. Suppose 2*v + 75 = 3*m, 3*m = m + d*v + 52. What are the prime factors of m?
23
Let x(v) = 2*v**2 - 2. Let h(m) be the third derivative of -m**5/60 + m**4/24 + m**3/6 + 2*m**2. Let c(j) = 3*h(j) + 2*x(j). What are the prime factors of c(2)?
3
Suppose 0*a + 4*a - 24 = 0. Let k = a - 6. Suppose k = -v + 4*y, -v = 2*v + y - 13. What are the prime factors of v?
2
Suppose -67 = -n - 4*l, -7 - 36 = -n + 2*l. List the prime factors of n.
3, 17
Let s(m) = m**2 + 2*m + 9. Let a be s(-6). Let n = -9 + a. What are the prime factors of n?
2, 3
What are the prime factors of (19 - -1)*1/((-10)/(-188))?
2, 47
Let g(l) = -3*l**2 + l - 1. Let z be g(-2). What are the prime factors of ((-4)/(-6))/((-2)/z)?
5
Let l(c) = c**2 - 6*c - 43. What are the prime factors of l(21)?
2, 17
Suppose -3*w + 0 = 6. What are the prime factors of -32*((-5)/(-4) + w)?
2, 3
Suppose -17 = -2*t + 23. Suppose -2*z = -4*f + t + 42, -3*f + 43 = -5*z. List the prime factors of f.
2
Suppose 2*u = 6 - 2. What are the prime factors of u + 2 - 8/(-2)?
2
Let t = -4 - -19. Let l = t + 20. List the prime factors of l.
5, 7
Suppose 5*k - h - 3*h = -23, 2*k - 5*h = 1. Let p = k - -4. List the prime factors of (0 + 3)*(-4)/p.
2
Suppose -2*t + 0 = -4, 4*c - t - 2 = 0. Suppose 2*r + 2 = -8. Let g = c - r. What are the prime factors of g?
2, 3
Suppose 0*g = 2*c - 5*g + 19, 3*g = -c + 18. Suppose -c*h - 4*k = -14, -h = 4*h - 3*k - 33. List the prime factors of h.
2, 3
Let a be (-2*1)/((-6)/42). Suppose 3*u = 4 + a. Suppose -15 = -5*o + j - u, 9 = 2*o + 5*j. List the prime factors of o.
2
Let n(q) = 12*q + 6 - 5 - 5. List the prime factors of n(2).
2, 5
Suppose -5 = r, 5*r = -0*u + u + 13. Let w = 74 + u. List the prime factors of w.
2, 3
Let d = -133 - -469. List the prime factors of d.
2, 3, 7
Suppose 128 = 5*l - 87. Suppose s + l = -3*c, -5*c = -4*s - s + 45. Let k = 3 - c. What are the prime factors of k?
2
Let w(h) = -h**3 - 2*h**2 + 160. List the prime factors of w(0).
2, 5
Suppose -2*g + 3*g = y - 27, -5*g = 3*y - 97. List the prime factors of y.
29
Let i(d) = -10*d. Let p be i(-2). Suppose w = 4*w - 15. Suppose -p = 3*j - w*j. List the prime factors of j.
2, 5
Suppose -x - 3*x - 5*s = -179, 0 = -3*x + 5*s + 108. What are the prime factors of x?
41
Suppose k + 2 = 2*n, -3*n + 6 = -4*k + k. Suppose 2*a + 2 - 8 = n. Let f = 8 + a. What are the prime factors of f?
11
Suppose 3*a - 2 = 7. Suppose -t - t + 66 = a*n, -t = 2*n - 35. List the prime factors of t.
3
Suppose -2*y + 3*y - 21 = 0. Let d = y - 6. List the prime factors of d.
3, 5
Suppose -2*j = -5*j + 5*x + 15, 15 = 3*j + 5*x. Suppose -15 = -5*u - j*m, -3 = -u + m - 0. What are the prime factors of u?
3
Suppose 3*l - 3 = -2*a, a = l - 4*l + 3. Suppose f + f - 6 = a. Suppose -f = -2*k + 15. What are the prime factors of k?
3
Let g(x) be the first derivative of x**4/4 + x**3/3 + x**2 - 3*x - 2. List the prime factors of g(2).
13
Suppose 3*o + 3*f = -105, -5*o - f + 0*f - 171 = 0. Let m = -23 - o. What are the prime factors of m?
11
Let r(k) = -2*k**2 + 5*k + 2. Let d(t) = t**2 - 2*t - 1. Let x(b) = 5*d(b) + 2*r(b). Let o(l) = l**2 - 6*l - 2. Let v be o(6). List the prime factors of x(v).
3
Suppose 2 - 8 = -h. Let o be 10/h + 6/(-9). List the prime factors of 0 + (o/(-1) - -5).
2
Suppose 20*z = 14*z + 888. What are the prime factors of z?
2, 37
Let f(c) = c**2 - 6*c - 2. Let d be f(6). What are the prime factors of 3 + 1 + d + 24?
2, 13
What are the prime factors of (88/3)/((-3)/(-45)*5)?
2, 11
Let d = 117 + -31. List the prime factors of d.
2, 43
What are the prime factors of -15 + 11 + (0 - -30)?
2, 13
Let t(a) = -5*a - 19. What are the prime factors of t(-8)?
3, 7
Let v(z) be the second derivative of -1/6*z**3 - 2*z + 0 + 5/2*z**2 + 1/12*z**4. List the prime factors of v(0).
5
What are the prime factors of (-5 - -4) + (-1 + 90 - 0)?
2, 11
Let t = 2 + -5. What are the prime factors of 3 - (-2 - t - 1)?
3
Let u = -26 + 0. Let s = u - -61. List the prime factors of s.
5, 7
List the prime factors of 62 + (-4 - 16/(-4)).
2, 31
Let u(a) = a + 23. Let n be u(-10). Let l(f) = -f**3 + 14*f**2 - 11*f + 6. What are the prime factors of l(n)?
2
Let l(w) = 4*w**3 + 2*w**2 - 4*w + 4. Let b(y) = 5*y**3 + 2*y**2 - 4*y + 4. Let a(o) = 5*b(o) - 6*l(o). List the prime factors of a(3).
17
Let x = 3 + -5. Let w be 142/8 + x/(-8). Suppose 5*q + 3 = w. List the prime factors of q.
3
Let g be (-4)/6 + 80/30. What are the prime factors of (0 + (-220)/(-8))*g?
5, 11
Suppose -3*q - 2*q + 310 = 0. What are the prime factors of q?
2, 31
Let f = -78 - -129. Suppose -4*p = -7*p + f. What are the prime factors of p?
17
Suppose 5*n = n - 4. What are the prime factors of 0/n - (-5 - 1)?
2, 3
Suppose -2*m + 123 = o, -5*o - 75 = -3*m + 77. Suppose q + z + 0 = 11, -m = -5*q - 4*z. What are the prime factors of q?
3, 5
Let w(c) = -c**3 - c**2. Let o be w(-2). Let l(z) = -5 - z - o - z. What are the prime factors of l(-7)?
5
Let f(x) = -3*x**2 + 2*x**3 + 1 - 4 + 2 + 2. Suppose -2*k + 3*o = -o - 16, -4*k + 5 = o. What are the prime factors of f(k)?
5
Let x(q) = -4 + 2*q**2 + 4 - 2 - q**3. What are the prime factors of x(-2)?
2, 7
Suppose b = 4*b - 9. What are the prime factors of 2/b + (-158)/(-6)?
3
Suppose 2*g - 4*k + k - 86 = 0, -k = -5*g + 215. List the prime factors of g*(-3 + 2 + 2).
43
Let r(q) = -7*q**3 - 18*q**2 - 5*q - 3. Let p(t) = 20*t**3 + 53*t**2 + 14*t + 9. Let d(w) = 6*p(w) + 17*r(w). List the prime factors of d(-12).
3, 5
Let y(h) be the first derivative of -2 - 1/3*h**3 - 3*h - 3*h**2. List the prime factors of y(-4).
5
Let y(c) = -c**2 + 10*c - 3. What are the prime factors of y(7)?
2, 3
Suppose -2*q = 3*q. Suppose 3*a - 2*h - 14 = 30, 5*a - h - 85 = q. List the prime factors of a.
2, 3
Let n = 8 - 6. Suppose 0*a = n*a - 16. Let o(m) = m**2 - 8*m + 10. What are the prime fac